{"id":40,"date":"2024-09-01T10:36:45","date_gmt":"2024-09-01T08:36:45","guid":{"rendered":"https:\/\/holisticlead.com\/?page_id=40"},"modified":"2024-09-05T21:33:38","modified_gmt":"2024-09-05T19:33:38","slug":"lauteur","status":"publish","type":"page","link":"https:\/\/holisticlead.com\/index.php\/lauteur\/","title":{"rendered":"L&rsquo;auteur"},"content":{"rendered":"\n<h5 class=\"wp-block-heading\"><strong>Qui suis-je ?<\/strong><\/h5>\n\n\n\n<p>Je suis <strong>Yoann Fortini<\/strong>, passionn\u00e9 par la transformation, la performance et la r\u00e9silience. Mon profil LinkedIn <a href=\"https:\/\/www.linkedin.com\/in\/yfortini\/\"><strong>se trouve ici<\/strong><\/a>.<\/p>\n\n\n\n<p>Fort de plus de 20 ans d&rsquo;exp\u00e9rience, j&rsquo;ai d\u00e9velopp\u00e9 une expertise multidisciplinaire. Dans les secteurs priv\u00e9s et publics. Dans des fonctions d&rsquo;expertise et de Direction. Au local, au national et \u00e0 l&rsquo;International.<\/p>\n\n\n\n<figure class=\"wp-block-image size-full\"><img loading=\"lazy\" decoding=\"async\" width=\"800\" height=\"565\" src=\"https:\/\/holisticlead.com\/wp-content\/uploads\/2024\/09\/Portrait-1.png\" alt=\"\" class=\"wp-image-196\" srcset=\"https:\/\/holisticlead.com\/wp-content\/uploads\/2024\/09\/Portrait-1.png 800w, https:\/\/holisticlead.com\/wp-content\/uploads\/2024\/09\/Portrait-1-300x212.png 300w, https:\/\/holisticlead.com\/wp-content\/uploads\/2024\/09\/Portrait-1-768x542.png 768w\" sizes=\"auto, (max-width: 800px) 100vw, 800px\" \/><\/figure>\n\n\n\n<h5 class=\"wp-block-heading\"><strong>Holistic Lead<\/strong><\/h5>\n\n\n\n<p>Le \u00ab\u00a0Leadership Holistique\u00a0\u00bb peut \u00eatre interpr\u00e9t\u00e9 de diff\u00e9rentes mani\u00e8res dans la litt\u00e9rature sp\u00e9cialis\u00e9e. Certains auteurs le voient comme un \u00e9quilibre entre le d\u00e9veloppement personnel et professionnel, tandis que d&rsquo;autres le d\u00e9finissent comme une synth\u00e8se entre comp\u00e9tences techniques et relationnelles.<\/p>\n\n\n\n<p>Personnellement, j&rsquo;aborde ce concept \u00e0 travers quatre piliers qui refl\u00e8tent mon exp\u00e9rience et mon parcours professionnel :<\/p>\n\n\n\n<ul class=\"wp-block-list\">\n<li>Le <strong>Leadership<\/strong> en tant que tel : mobiliser, unir et diriger.<\/li>\n\n\n\n<li>Le <strong>Business<\/strong> : strat\u00e9gie, marketing, finance, etc.<\/li>\n\n\n\n<li>La <strong>Technologie<\/strong>, en particulier l&rsquo;IT et le monde digital.<\/li>\n\n\n\n<li>La <strong>Diversit\u00e9<\/strong>, qu&rsquo;elle soit interculturelle, interg\u00e9n\u00e9rationnelle ou li\u00e9e \u00e0 l&rsquo;inclusion du handicap.<\/li>\n<\/ul>\n\n\n\n<figure class=\"wp-block-image size-full\"><img loading=\"lazy\" decoding=\"async\" width=\"824\" height=\"822\" src=\"https:\/\/holisticlead.com\/wp-content\/uploads\/2024\/09\/Holistic-Leadership.png\" alt=\"\" class=\"wp-image-194\" srcset=\"https:\/\/holisticlead.com\/wp-content\/uploads\/2024\/09\/Holistic-Leadership.png 824w, https:\/\/holisticlead.com\/wp-content\/uploads\/2024\/09\/Holistic-Leadership-300x300.png 300w, https:\/\/holisticlead.com\/wp-content\/uploads\/2024\/09\/Holistic-Leadership-150x150.png 150w, https:\/\/holisticlead.com\/wp-content\/uploads\/2024\/09\/Holistic-Leadership-768x766.png 768w\" sizes=\"auto, (max-width: 824px) 100vw, 824px\" \/><\/figure>\n\n\n\n<h5 class=\"wp-block-heading\">Cet espace<\/h5>\n\n\n\n<p>Ce blog est pour moi un moyen de consolider mes connaissances et r\u00e9flexions tout en offrant un espace pour le partage et la discussion. <\/p>\n\n\n\n<p>Les articles adressent ces quatre th\u00e9matiques. Parfois de mani\u00e8re d\u00e9di\u00e9e, parfois combin\u00e9e.<\/p>\n","protected":false},"excerpt":{"rendered":"<p>Qui suis-je ? Je suis Yoann Fortini, passionn\u00e9 par la transformation, la performance et la r\u00e9silience. Mon profil LinkedIn se trouve ici. Fort de plus de 20 ans d&rsquo;exp\u00e9rience, j&rsquo;ai d\u00e9velopp\u00e9 une expertise multidisciplinaire. Dans les secteurs priv\u00e9s et publics. Dans des fonctions d&rsquo;expertise et de Direction. Au local, au national et \u00e0 l&rsquo;International. Holistic [&hellip;]<\/p>\n","protected":false},"author":1,"featured_media":0,"parent":0,"menu_order":0,"comment_status":"closed","ping_status":"closed","template":"","meta":{"footnotes":""},"class_list":["post-40","page","type-page","status-publish","hentry"],"_links":{"self":[{"href":"https:\/\/holisticlead.com\/index.php\/wp-json\/wp\/v2\/pages\/40","targetHints":{"allow":["GET"]}}],"collection":[{"href":"https:\/\/holisticlead.com\/index.php\/wp-json\/wp\/v2\/pages"}],"about":[{"href":"https:\/\/holisticlead.com\/index.php\/wp-json\/wp\/v2\/types\/page"}],"author":[{"embeddable":true,"href":"https:\/\/holisticlead.com\/index.php\/wp-json\/wp\/v2\/users\/1"}],"replies":[{"embeddable":true,"href":"https:\/\/holisticlead.com\/index.php\/wp-json\/wp\/v2\/comments?post=40"}],"version-history":[{"count":9,"href":"https:\/\/holisticlead.com\/index.php\/wp-json\/wp\/v2\/pages\/40\/revisions"}],"predecessor-version":[{"id":209,"href":"https:\/\/holisticlead.com\/index.php\/wp-json\/wp\/v2\/pages\/40\/revisions\/209"}],"wp:attachment":[{"href":"https:\/\/holisticlead.com\/index.php\/wp-json\/wp\/v2\/media?parent=40"}],"curies":[{"name":"wp","href":"https:\/\/api.w.org\/{rel}","templated":true}]}}